5
Calculate -1 + -5 + -8 + 10.
-4
What is (7 - 4) + (2 - 8 - -3)?
0
What is the value of -4 + (7 - (5 - -3))?
-5
5 + 5 + -6 - 9
-5
Calculate (-5 - -11) + (-7 - 1) + 0.
-2
Calculate (-12 - -7) + (-4 - 1).
-10
What is 3 + -7 + 0 + -4 + 9?
1
Calculate 1 + 0 + (13 - (-7 - -17)).
4
What is -69 - -72 - (-1 + 2)?
2
3 - (5 - (3 - -5))
6
2 + 9 + (9 - 15)
5
Evaluate -1 - (1 + -4) - (0 - 3).
5
4 + (3 - (1 + (3 - 2)))
5
Evaluate -1 + -2 + 9 + -2.
4
14 - 2 - (14 - 5)
3
0 + 0 + 3 + (-258 - -255)
0
What is the value of 4 - ((10 - 3) + -1)?
-2
What is -3 + (5 - 2 - -1)?
1
What is the value of -8 + (-2 + 16 + -2 - -4)?
8
-9 + (8 + -2 - (-2 - -1))
-2
What is -4 + 9 + -6 - 1?
-2
Calculate 7 + 3 - (4 + (3 - 3)).
6
What is -7 - (5 - 12) - (0 + 5)?
-5
5 + 1 + -6 + 2
2
0 + 3 + -2 + -1 + -5
-5
Calculate (-5 - -4) + (-5 - (-2 + 1)).
-5
What is -1 - 1 - (36 - 32)?
-6
Evaluate 10 + (2 - 15 - -6).
3
Calculate (-9 + 14 - 7) + 9.
7
Calculate 4 - (-2 - (-2 - 8)).
-4
What is the value of -7 + (-7 - 2 - -17)?
1
2 + (10 - 6) + -15 + 8
-1
What is the value of (1 - -8) + (9 - 15) - 3?
0
Calculate 1 - (-3 + -1) - 4.
1
Calculate (4 - (-11 + 7 - 3)) + -3.
8
Evaluate (-2 - -2) + 2 + (2 - -1).
5
Evaluate 2 - (5 - (8 + -5)).
0
7 - (0 - (-2 + -8 + 9))
6
What is (2 + -3 - -3) + (5 - 4)?
3
(-2 - -12) + 0 + 2 + -5
7
What is the value of -4 + 0 + 8 + -5?
-1
Evaluate (-5 - 2 - -3) + (0 - -3).
-1
Calculate 3 + 1 + (-6 - -6) + -13.
-9
What is the value of 24 + -31 + (10 - 4)?
-1
What is the value of -3 - (-2 + (1 - (3 - 0)))?
1
What is -4 + (1 + -3 - -2) + 1?
-3
-2 - (2 + 2 - 2)
-4
Evaluate (-2 - 9) + 10 + 10.
9
Calculate -6 - (-1 - (0 - -9)).
4
What is 8 + -12 + -2 + 10?
4
(-3 - (3 + -1)) + -1 + -2
-8
Evaluate -7 - (-14 + 3) - 12.
-8
What is the value of -2 + 2 + -1 + 2 + 4?
5
13 - (12 + (0 - 5))
6
What is -3 + -5 + (8 - 0)?
0
7 - (-9 + 3 + (4 - -4))
5
What is the value of 1 + (-5 - 0) + 25 + -14?
7
What is 1 + 3 + (-9 - -8)?
3
1 - 0 - (2 + (-7 - -6))
0
2 - 7 - (132 - 129)
-8
-5 + -1 + 14 + -8 + -2
-2
Evaluate -6 + (7 - 6 - 0).
-5
Calculate (-3 - 1) + 1 + 0.
-3
What is the value of -44 - -46 - (1 + -1 + 4)?
-2
What is the value of 1 - -4 - (12 - 10) - 2?
1
What is 0 + -7 + 2 + -1 + 2?
-4
What is the value of 0 + -6 + 4 + 4?
2
What is the value of -1 - (2 - 7) - -2?
6
What is 0 + (9 - 4 - -1)?
6
What is 3 + (-8 - -4) + 4?
3
1 + (0 - (2 + -1))
0
Evaluate (3 - 2) + (-6 - -1) + -3.
-7
Calculate (5 - 2) + 0 + -1 - 7.
-5
What is the value of -1 - 7 - (19 + (-14 - 18))?
5
Calculate (10 - -1) + (-4 - (5 - 7)).
9
9 - -2 - (5 + 11)
-5
What is 3 - (-6 + 5 - -4)?
0
Calculate -3 + (7 - 5) + 1.
0
What is 0 - (5 + -1 - (7 + -2))?
1
(-3 - 8) + 10 + (12 - 3)
8
What is the value of -9 - (2 - (3 - -1))?
-7
What is 3 + 6 + -6 - (1 + 7)?
-5
Evaluate (22 + 2 - 11) + -12.
1
What is -3 + (-4 - (-1 + -10))?
4
What is -1 + (-2 - -6) + -7?
-4
What is -6 - (-5 + -4 + 6)?
-3
Evaluate 4 + -2 + 2 + -5 + 4.
3
What is the value of 3 - 3 - (15 - 6) - -6?
-3
What is 2 + -1 + 3 - (-10 - -18)?
-4
What is -10 - (-8 + (-5 - -10))?
-7
-3 + -5 - (30 + -34)
-4
Evaluate -2 + (0 - -2) + -3 + 0.
-3
-5 + -4 + 5 + 3 + -4
-5
-2 - ((9 + 0 - 3) + -5)
-3
What is (-2 - (-4 - -4)) + 4?
2
Calculate -1 + 2 - (-270 + 277).
-6
What is -1 - (-3 - -3 - 2 - -2)?
-1
-3 + 4 - (1 + 0)
0
What is 0 - (1 - 0) - (12 + -12)?
-1
Calculate 5 + -1 - 14 - (2 - 7).
-5
Calculate -2 - 4 - (-1 - 3 - -3).
-5
-2 - (10 + -1 - (5 - 0))
-6
What is the value of -10 + 7 + 1 + -1 + -4?
-7
What is (-1 - 13) + 6 + -1 + 2?
-7
Calculate -6 - (1 + -9 - (-6 + 0)).
-4
Evaluate (5 - 2) + -22 + 16.
-3
Evaluate 2 - -2 - (54 - 57).
7
Evaluate 10 - (-2 + 5 + 6).
1
(-9 - -3) + (-4 - -7)
-3
Calculate (52 - 47) + (1 - 1).
5
What is the value of -4 + 4 + (3 - 1)?
2
Evaluate -3 + -1 + (1 - (2 - 1)).
-4
Evaluate -2 - (1 + -4) - 1.
0
Evaluate 1 + 1 + 3 - 5.
0
13 + (6 - 25) - -1
-5
Evaluate (-3 - -2 - (9 - 10)) + 4.
4
Calculate -9 - (1 + -6 - 2).
-2
What is the value of (-1 - -6) + (26 - 37)?
-6
What is -3 + (8 - 5) - -3 - 2?
1
Calculate -4 - (4 + -4 - 4).
0
What is the value of -2 + 1 - (0 + 1 - 2)?
0
What is the value of (-1 - 1 - -7) + -6?
-1
Evaluate 1 + (6 - 2) + -8.
-3
What is (-2 - (-1 + -2 + 5)) + 7?
3
Calculate -7 + 9 + (3 - (0 + 4)).
1
What is the value of (-2 - -8 - 5) + (-2 - -10)?
9
What is the value of 5 + -11 + 10 - 9?
-5
Evaluate 4 + -2 + -2 + (-6 - -8).
2
Calculate -2 + -1 + (6 - -2) + 1.
6
-9 + (3 - (6 - 9 - -5))
-8
Calculate -4 + 5 + 6 + -6.
1
Calculate (-11 - -9) + -1 + 5.
2
What is -6 + (10 - (5 + -6 + 4))?
1
Calculate (-2 - -8) + -5 + 3.
4
Evaluate -1 - (6 - 12 - -10).
-5
Evaluate -1 - (-4 - (4 + -3 + -3)).
1
Evaluate 3 + 1 - ((-14 - -4) + 8).
6
Evaluate (7 - -7 - 7) + 0.
7
What is the value of 3 + -4 + 2 - 3?
-2
What is the value of 4 + 20 + -10 + -15?
-1
What is 2 - (12 + -6 - (1 - 1))?
-4
What is 0 + 0 - (184 - 191)?
7
What is the value of -10 - (-9 - (-1 + -4)) - -5?
-1
1 - (-6 + 13 + (-7 - -4))
-3
What is the value of 14 - (35 - (-8 - -21))?
-8
What is -4 - -3 - -11 - 0?
10
What is -1 + 0 + 0 + -3 + 4?
0
4 + -1 + -2 + 1
2
What is the value of 5 + 0 + (-15 + 22 - 18)?
-6
Calculate -2 + (-1 - 1) + (-1 - -2).
-3
7 - 6 - (0 + (0 - 1))
2
What is the value of (-1 - 2 - -5 - 1) + 2?
3
6 - (6 + (-3 - -3))
0
What is -74 + 74 - (1 + (-6 - -1))?
4
Evaluate 0 - (6 - (16 - 10)).
0
(-4 - (4 - 5)) + 3
0
Evaluate -1 - -2 - (-220 + 217).
4
Calculate (-23 - -25) + (0 - -1).
3
What is the value of 4 - (5 + 0 + -5)?
4
(-9 - -6) + 0 + 3
0
Evaluate -8 + 6 + -2 - 0.
-4
What is the value of 11 - (10 + 5) - 1?
-5
20 - 23 - (2 + -4 + 0)
-1
What is -39 + 52 + (1 - 22)?
-8
What is the value of -8 + (-8 - (-3 + -5)) + 8?
0
What is 19 - 28 - (-9 - -3)?
-3
(-6 - 2 - (13 - 11)) + 3
-7
What is the value of 1 + (7 - 4) + -4 - 5?
-5
What is the value of -3 + 6 + (-6 - -1) + -2?
-4
What is (3 + -2 - 0) + -4?
-3
What is the value of 87 - 98 - (-13 - 1)?
3
-3 + 3 - (-9 - -13)
-4
(2 + -2 - 5) + 97 + -91
1
What is the value of -1 + -2 - ((-3 - 5) + 4)?
1
0 - 4 - (15 + -19)
0
What is -1 + 0 + 2 + -6?
-5
Calculate -131 + 150 - (8 - -2).
9
Calculate 5 + -3 + (0 - (3 + -7)).
6
Evaluate 0 - (0 - -6 - 2).
-4
Evaluate 3 + 0 - (15 - (4 - -8)).
0
Calculate 2 - (3 + 4 + 0) - -4.
-1
What is 58 + -52 - ((0 - -2) + 3)?
1
What is -8 - -1 - 3 - -13?
3
Evaluate (3 - 3 - 0) + (1 - 4).
-3
What is the value of -3 + 3 - (-7 + 1 + 5)?
1
Calculate -3 + 0 - (-10 - -4).
3
What is 3 + -9 + 5 + 1?
0
What is the value of (-2 - -3 - (10 - 3)) + 3?
-3
-73 + 76 - (4 + 2 - 2)
-1
What is 2 + (-1 - 2) - (-1 - -3)?
-3
1 - (2 + (-1 - 2))
2
What is the value of 34 + -29 - (6 - (4 - 4))?
-1
What is (-5 - 0) + 2 + (12 - 7)?
2
What is 3 - (2 - (3 - (-4 - -6)))?
2
Evaluate -8 + (-4 - (-12 + 4 + -1)).
-3
What is 22 + -30 + 9 + 1?
2
Calculate 5 + (-8 + 1 - (3 - 7)).
2
(13 - (9 + 0)) + (2 - 14)
-8
What is the value of -1 + 3 + -1 + -1?
0
Calculate 3 + -6 + (-6 - -14).
5
Calculate 2 - 0 - (3 + -9 - -5).
3
What is the value of 18 + -3 + (-8 - (2 - 5))?
10
What is the value of -3 + 14 + 8 + -23?
-4
Evaluate 7 + (-8 - (2 + -2)).
-1
-5 - (-7 + (5 - 2))
-1
(-1 - (-2 + 3)) + -1 + 4
1
-5 + 1 + 6 + (4 - 2)
4
Calculate (-7 - -11) + (1 - 4).
1
Evaluate -4 + -6 + 14 + -8.
-4
What is -13 - (-17 - (-2 + -9))?
-7
What is the value of -3 - ((-7 - -1) + 4) - 3?
-4
Calculate (-8 - -5) + 5 + 3.
5
Calculate -2 - (12 + -5 - 6).
-3
What is 4 + (-3 - (-4 - -3))?
2
Evaluate (-1 - -8 - 2) + -4.
1
What is the value of 1 - -6 - (1 + 1)?
5
(-26 - -18) + (7 - 0)
-1
Evaluate (4 - 6 - 2) + 1 + 2.
-1
What is 1 + -3 + 9 + (4 - 9)?
2
Calculate 0 + -4 + 0 - (2 + -4).
-2
(-3 + 2 - -2) + -4
-3
Calculate (-5 - -4) + 11 + -3 + -2.
5
Evaluate (-16 - (0 + -4)) + 8.
-4
What is the value of -1 + (7 - (5 - 0))?
1
What is -7 - (-1 + 6 - 10)?
-2
39 - 43 - (-1 + 3)
-6
What is the value of (0 - -4) + (16 - 18) + -3?
-1
Calculate -3 + 2 + 9 + -21 + 3.
-10
-6 + 7 + (-3 - (1 + 1))
-4
What is -7 - (-2 + (3 - (1 - -5)))?
-2
Calculate 1 + -3 + 9 + -2 + -5.
0
5 - 4 - (11 - 5)
-5
Evaluate (-3 - (1 + -7)) + (-26 - -18).
-5
What is the value of 1 + -3 - (-3 - (-7 - -6))?
0
3 - 1 - (6 + -2 - -2)
-4
What is the value of 7 - (-6 - -7) - 7?
-1
(3 - 11) + 3 + -5 + 9
-1
What is the value of -5 + -4 + -3 - -5?
-7
(-5 - (-2 - -4)) + 0
-7
Evaluate -4 - -8 - (-1 + 1 + -1).
5
Evaluate 3 + 0 - (19 + 0 + -13).
-3